hat is the greatest common factor of 2775 and 15?
15
What is the highest common divisor of 12 and 324?
12
Calculate the greatest common factor of 425 and 17.
17
What is the greatest common divisor of 10 and 4090?
10
Calculate the highest common factor of 182 and 14.
14
What is the greatest common divisor of 175 and 21?
7
Calculate the greatest common factor of 1169 and 91.
7
What is the highest common factor of 2391 and 6?
3
What is the greatest common divisor of 923 and 221?
13
What is the greatest common factor of 14 and 4?
2
Calculate the highest common divisor of 406 and 29.
29
Calculate the greatest common factor of 4474 and 2.
2
Calculate the greatest common factor of 357 and 6.
3
Calculate the greatest common factor of 21 and 729.
3
What is the highest common divisor of 9 and 549?
9
Calculate the greatest common factor of 4 and 148.
4
Calculate the highest common divisor of 222 and 9472.
74
Calculate the greatest common divisor of 3247 and 17.
17
Calculate the highest common divisor of 1387 and 133.
19
What is the greatest common divisor of 3634 and 368?
46
What is the greatest common factor of 14435 and 15?
5
What is the greatest common divisor of 39 and 33?
3
What is the highest common divisor of 114 and 2868?
6
Calculate the highest common factor of 16 and 3368.
8
What is the highest common divisor of 7181 and 43?
43
Calculate the highest common divisor of 4 and 128.
4
Calculate the highest common divisor of 846 and 54.
18
Calculate the greatest common divisor of 876 and 36.
12
Calculate the greatest common divisor of 16 and 6.
2
Calculate the greatest common factor of 620 and 93.
31
Calculate the greatest common divisor of 1498 and 112.
14
Calculate the highest common factor of 1380 and 23.
23
What is the highest common divisor of 154 and 224?
14
What is the greatest common factor of 1334 and 230?
46
What is the highest common divisor of 2222 and 202?
202
Calculate the highest common divisor of 209 and 76.
19
Calculate the greatest common divisor of 168 and 231.
21
Calculate the greatest common divisor of 174 and 754.
58
What is the greatest common divisor of 2047 and 89?
89
Calculate the highest common factor of 6538 and 28.
14
What is the greatest common factor of 144 and 153?
9
Calculate the highest common factor of 483 and 105.
21
Calculate the highest common factor of 693 and 819.
63
Calculate the greatest common divisor of 187 and 17.
17
What is the highest common factor of 209 and 76?
19
What is the highest common divisor of 27 and 351?
27
What is the greatest common divisor of 876 and 24?
12
What is the highest common factor of 306 and 3870?
18
What is the highest common divisor of 53886 and 6?
6
Calculate the greatest common factor of 55 and 5335.
55
Calculate the highest common factor of 1188 and 44.
44
Calculate the highest common divisor of 255 and 25.
5
What is the highest common divisor of 851 and 23?
23
What is the greatest common divisor of 4320 and 405?
135
What is the greatest common factor of 68 and 8?
4
Calculate the greatest common factor of 5628 and 210.
42
What is the greatest common factor of 385 and 165?
55
Calculate the highest common factor of 28 and 812.
28
What is the highest common divisor of 48 and 1936?
16
Calculate the highest common factor of 1161 and 1404.
27
What is the greatest common factor of 22 and 44?
22
What is the greatest common factor of 2166 and 114?
114
What is the highest common factor of 14 and 182?
14
Calculate the highest common divisor of 1064 and 392.
56
Calculate the highest common factor of 54 and 297.
27
What is the greatest common factor of 1740 and 60?
60
What is the highest common factor of 49 and 42?
7
What is the greatest common divisor of 108 and 396?
36
Calculate the greatest common divisor of 34 and 3842.
34
Calculate the greatest common divisor of 22 and 14.
2
What is the highest common divisor of 513 and 81?
27
Calculate the highest common divisor of 435 and 261.
87
What is the greatest common factor of 37 and 5587?
37
Calculate the highest common divisor of 9744 and 42.
42
Calculate the greatest common factor of 3178 and 14.
14
What is the greatest common factor of 57 and 1919?
19
What is the highest common factor of 545 and 1962?
109
What is the highest common factor of 979 and 22?
11
What is the greatest common factor of 105363 and 207?
207
What is the highest common factor of 32 and 272?
16
Calculate the greatest common factor of 52 and 78.
26
Calculate the highest common factor of 20 and 620.
20
What is the highest common factor of 1357 and 59?
59
Calculate the highest common divisor of 594 and 702.
54
Calculate the greatest common factor of 6858 and 54.
54
Calculate the greatest common factor of 3 and 11829.
3
What is the greatest common divisor of 1161 and 1763?
43
What is the highest common divisor of 1635 and 45?
15
What is the highest common divisor of 66 and 9240?
66
Calculate the greatest common factor of 68 and 2635.
17
What is the highest common divisor of 3600 and 1530?
90
What is the greatest common factor of 225 and 18?
9
What is the highest common factor of 21 and 294?
21
Calculate the highest common divisor of 42 and 1032.
6
What is the greatest common divisor of 27 and 387?
9
What is the greatest common divisor of 4848 and 240?
48
Calculate the highest common factor of 312 and 4472.
104
Calculate the highest common factor of 152 and 836.
76
Calculate the highest common divisor of 10277 and 43.
43
What is the greatest common factor of 8 and 88?
8
Calculate the greatest common divisor of 36 and 11034.
18
What is the highest common factor of 279 and 36?
9
Calculate the greatest common factor of 100 and 725.
25
What is the highest common factor of 196 and 245?
49
What is the highest common divisor of 637 and 49?
49
What is the greatest common divisor of 7 and 1?
1
Calculate the highest common divisor of 182 and 182.
182
Calculate the greatest common divisor of 1280 and 40.
40
What is the greatest common factor of 131 and 1?
1
What is the greatest common factor of 238 and 34?
34
Calculate the greatest common divisor of 100 and 20.
20
Calculate the highest common factor of 12 and 96.
12
Calculate the greatest common factor of 595 and 210.
35
Calculate the greatest common divisor of 261 and 2697.
87
What is the highest common divisor of 11 and 2299?
11
What is the highest common factor of 13 and 3?
1
Calculate the highest common divisor of 65 and 39.
13
What is the greatest common divisor of 150 and 6?
6
Calculate the highest common factor of 1339 and 221.
13
What is the greatest common divisor of 2561 and 394?
197
Calculate the highest common factor of 2760 and 24.
24
What is the greatest common divisor of 1846 and 71?
71
What is the highest common divisor of 16 and 422?
2
What is the greatest common divisor of 15 and 1215?
15
What is the greatest common divisor of 288 and 256?
32
What is the greatest common factor of 2 and 398?
2
What is the greatest common factor of 513 and 361?
19
Calculate the highest common factor of 1615 and 57.
19
Calculate the greatest common divisor of 22 and 10461.
11
Calculate the greatest common divisor of 2156 and 441.
49
What is the highest common divisor of 520 and 8?
8
Calculate the highest common factor of 85 and 1955.
85
Calculate the greatest common factor of 60 and 270.
30
Calculate the highest common factor of 1364 and 1980.
44
What is the greatest common divisor of 897 and 483?
69
What is the greatest common divisor of 265 and 159?
53
What is the highest common divisor of 1084 and 6233?
271
Calculate the greatest common factor of 160 and 5408.
32
Calculate the highest common factor of 51 and 6.
3
What is the greatest common factor of 156 and 676?
52
What is the highest common factor of 24479 and 26?
13
Calculate the highest common divisor of 55 and 8965.
55
Calculate the highest common factor of 204 and 3332.
68
What is the highest common divisor of 64 and 112192?
64
What is the greatest common factor of 207 and 1334?
23
What is the highest common divisor of 114 and 3363?
57
What is the highest common divisor of 342 and 2356?
38
Calculate the highest common divisor of 871 and 403.
13
What is the greatest common divisor of 42 and 903?
21
Calculate the greatest common factor of 28 and 266.
14
What is the greatest